
What is the remainder when 302 is divided by 268?
34
Calculate the remainder when 296 is divided by 180.
116
Calculate the remainder when 261 is divided by 76.
33
Calculate the remainder when 766 is divided by 75.
16
Calculate the remainder when 37 is divided by 5.
2
Calculate the remainder when 146 is divided by 77.
69
Calculate the remainder when 323 is divided by 104.
11
What is the remainder when 134 is divided by 25?
9
Calculate the remainder when 245 is divided by 14.
7
What is the remainder when 3426 is divided by 263?
7
Calculate the remainder when 362 is divided by 31.
21
Calculate the remainder when 205 is divided by 13.
10
Calculate the remainder when 1647 is divided by 16.
15
Calculate the remainder when 16081 is divided by 34.
33
Calculate the remainder when 92 is divided by 48.
44
Calculate the remainder when 1144 is divided by 40.
24
What is the remainder when 758 is divided by 76?
74
What is the remainder when 193 is divided by 14?
11
Calculate the remainder when 293 is divided by 254.
39
What is the remainder when 502 is divided by 46?
42
What is the remainder when 408 is divided by 99?
12
What is the remainder when 2231 is divided by 9?
8
Calculate the remainder when 542 is divided by 50.
42
Calculate the remainder when 3653 is divided by 62.
57
Calculate the remainder when 1494 is divided by 19.
12
What is the remainder when 1073 is divided by 19?
9
Calculate the remainder when 427 is divided by 108.
103
Calculate the remainder when 237 is divided by 118.
1
Calculate the remainder when 525 is divided by 47.
8
Calculate the remainder when 3329 is divided by 5.
4
What is the remainder when 968 is divided by 320?
8
What is the remainder when 561 is divided by 135?
21
What is the remainder when 2583 is divided by 19?
18
Calculate the remainder when 50 is divided by 6.
2
Calculate the remainder when 1310 is divided by 10.
0
What is the remainder when 35 is divided by 7?
0
What is the remainder when 930 is divided by 12?
6
What is the remainder when 69 is divided by 10?
9
What is the remainder when 258 is divided by 2?
0
Calculate the remainder when 962 is divided by 468.
26
What is the remainder when 445 is divided by 7?
4
What is the remainder when 48 is divided by 17?
14
Calculate the remainder when 282 is divided by 127.
28
Calculate the remainder when 470 is divided by 209.
52
What is the remainder when 198 is divided by 50?
48
Calculate the remainder when 1418 is divided by 19.
12
What is the remainder when 416 is divided by 134?
14
Calculate the remainder when 1427 is divided by 13.
10
Calculate the remainder when 305 is divided by 103.
99
What is the remainder when 246 is divided by 75?
21
Calculate the remainder when 207 is divided by 62.
21
What is the remainder when 28 is divided by 24?
4
Calculate the remainder when 1259 is divided by 28.
27
What is the remainder when 3463 is divided by 77?
75
Calculate the remainder when 1337 is divided by 149.
145
Calculate the remainder when 856 is divided by 13.
11
What is the remainder when 4 is divided by 4?
0
Calculate the remainder when 929 is divided by 31.
30
Calculate the remainder when 745 is divided by 86.
57
Calculate the remainder when 1705 is divided by 28.
25
What is the remainder when 593 is divided by 18?
17
Calculate the remainder when 5773 is divided by 444.
1
What is the remainder when 123 is divided by 61?
1
Calculate the remainder when 629 is divided by 45.
44
Calculate the remainder when 202 is divided by 19.
12
What is the remainder when 275 is divided by 25?
0
Calculate the remainder when 779 is divided by 176.
75
What is the remainder when 5231 is divided by 19?
6
Calculate the remainder when 657 is divided by 322.
13
Calculate the remainder when 188 is divided by 32.
28
What is the remainder when 1325 is divided by 83?
80
Calculate the remainder when 635 is divided by 13.
11
What is the remainder when 503 is divided by 232?
39
What is the remainder when 242 is divided by 126?
116
Calculate the remainder when 1435 is divided by 21.
7
What is the remainder when 1069 is divided by 63?
61
Calculate the remainder when 578 is divided by 51.
17
What is the remainder when 6901 is divided by 46?
1
Calculate the remainder when 36 is divided by 7.
1
What is the remainder when 704 is divided by 105?
74
Calculate the remainder when 1603 is divided by 11.
8
Calculate the remainder when 180 is divided by 52.
24
What is the remainder when 497 is divided by 103?
85
Calculate the remainder when 737 is divided by 24.
17
What is the remainder when 88 is divided by 87?
1
Calculate the remainder when 1812 is divided by 122.
104
Calculate the remainder when 53 is divided by 29.
24
What is the remainder when 180 is divided by 80?
20
What is the remainder when 193 is divided by 65?
63
Calculate the remainder when 324 is divided by 100.
24
What is the remainder when 54 is divided by 29?
25
What is the remainder when 402 is divided by 17?
11
Calculate the remainder when 997 is divided by 22.
7
Calculate the remainder when 323 is divided by 25.
23
What is the remainder when 232 is divided by 35?
22
What is the remainder when 1014 is divided by 203?
202
Calculate the remainder when 447 is divided by 77.
62
What is the remainder when 4338 is divided by 145?
133
What is the remainder when 940 is divided by 310?
10
Calculate the remainder when 894 is divided by 240.
174
What is the remainder when 89 is divided by 46?
43
What is the remainder when 973 is divided by 16?
13
Calculate the remainder when 2719 is divided by 136.
135
What is the remainder when 595 is divided by 246?
103
What is the remainder when 22 is divided by 7?
1
What is the remainder when 74 is divided by 23?
5
Calculate the remainder when 810 is divided by 11.
7
What is the remainder when 1784 is divided by 138?
128
Calculate the remainder when 528 is divided by 523.
5
What is the remainder when 311 is divided by 110?
91
What is the remainder when 12143 is divided by 132?
131
Calculate the remainder when 1344 is divided by 666.
12
What is the remainder when 469 is divided by 245?
224
Calculate the remainder when 2483 is divided by 8.
3
What is the remainder when 1090 is divided by 47?
9
Calculate the remainder when 564 is divided by 561.
3
What is the remainder when 95 is divided by 2?
1
What is the remainder when 30 is divided by 19?
11
What is the remainder when 1046 is divided by 104?
6
What is the remainder when 559 is divided by 33?
31
Calculate the remainder when 9150 is divided by 32.
30
Calculate the remainder when 708 is divided by 77.
15
What is the remainder when 75 is divided by 33?
9
Calculate the remainder when 72 is divided by 31.
10
What is the remainder when 383 is divided by 35?
33
What is the remainder when 1086 is divided by 185?
161
What is the remainder when 14 is divided by 5?
4
Calculate the remainder when 154 is divided by 37.
6
Calculate the remainder when 280 is divided by 27.
10
What is the remainder when 670 is divided by 223?
1
What is the remainder when 188 is divided by 26?
6
Calculate the remainder when 38 is divided by 13.
12
What is the remainder when 206 is divided by 9?
8
Calculate the remainder when 466 is divided by 3.
1
Calculate the remainder when 1360 is divided by 44.
40
Calculate the remainder when 8340 is divided by 32.
20
Calculate the remainder when 160 is divided by 62.
36
What is the remainder when 129 is divided by 40?
9
Calculate the remainder when 568 is divided by 16.
8
What is the remainder when 3680 is divided by 205?
195
Calculate the remainder when 2698 is divided by 18.
16
What is the remainder when 2272 is divided by 23?
18
Calculate the remainder when 128 is divided by 5.
3
Calculate the remainder when 5848 is divided by 65.
63
What is the remainder when 8213 is divided by 8?
5
Calculate the remainder when 56 is divided by 5.
1
Calculate the remainder when 25 is divided by 23.
2
What is the remainder when 111 is divided by 59?
52
What is the remainder when 1827 is divided by 15?
12
Calculate the remainder when 824 is divided by 207.
203
Calculate the remainder when 2410 is divided by 798.
16
Calculate the remainder when 1047 is divided by 4.
3
What is the remainder when 1344 is divided by 142?
66
What is the remainder when 9530 is divided by 3174?
8
What is